 + 9*o - 8. Let k(r) = 4*i(r) + 7*j(r). What is k(3)?
8
Let d(c) = 6*c - 8 + 5 - 3 + c**2 + 2*c. Determine d(-5).
-21
Let p(l) = -3*l**2 - 2 + 4*l**2 + 1. Let s(x) = -x**2 - x - 1. Let o be s(-1). What is p(o)?
0
Let o(u) = 2*u**2 - 6*u - 4. Let m be o(3). Let w(f) = -f**2 - f. Determine w(m).
-12
Let l be 2*(-2 - 21/(-6)). Let y be (-3)/(l/(-2)) - 0. Let t(r) = 3 + 4*r - 4*r - y*r. What is t(3)?
-3
Let a be (1/1)/(1/2). Let u(w) = 17 + w - a*w - 5. Give u(0).
12
Let p(t) = -t**2 + 7*t - 2. Let i be 2/5 - 216/15. Let u be (-4 + 7)*i/(-6). Let x be p(u). Let f(g) = -g**3 - g**2 + g + 2. What is f(x)?
4
Let x be (1 - 0) + -2 + 2. Let d(w) = 0 - w + 2 - 6*w**3 - 1. What is d(x)?
-6
Let q(x) = -x**2 - 5*x + 8. Let r be q(-6). Suppose 3 = r*v + v. Let n be v + 0 + (0 - -1). Let u(i) = -i**3 + i**2 + 2*i. Calculate u(n).
0
Let a be 2/(-6) + (-4)/6. Let z(x) = x**2 + 8*x + 2. Let h(i) = 1. Let c(y) = a*z(y) - 5*h(y). Calculate c(-6).
5
Let r = 172 + -178. Let l(w) = w**2 + 6*w - 6. Determine l(r).
-6
Let r(l) = -l - 11. Let u(w) = 7*w**3 + w. Let v be u(-1). Give r(v).
-3
Let x(q) = -6*q**2 + 1. Let z(v) = v**2 - 11*v - 10. Let l be z(12). Suppose l = -5*j - 3. Calculate x(j).
-5
Let q(h) = 6*h + 1 - 4 - 2*h. What is q(3)?
9
Let u be 28/36 + 6/27. Let k(i) = 3*i**2 - 3*i**3 - u - 5*i**2 - 2*i + 0*i**2 + 0*i. Let w(c) = c**3 + 5*c**2 - c - 6. Let p be w(-5). What is k(p)?
2
Let p(a) = -3*a - 1. Let t(s) = 4*s + 1. Let v(w) = -3*p(w) - 2*t(w). Give v(1).
2
Let j(n) be the first derivative of 4 - 1/3*n**3 + 0*n - 5/2*n**2. Calculate j(-6).
-6
Let l(c) = -c**3 - 2*c**2 - 3*c - 3. Let a be l(-2). Let s(b) = 9 - 3*b + b**2 + a*b. What is s(0)?
9
Suppose 3 - 6 = h. Let d be (-1)/(-3)*(h - -3). Let w(x) = 2*x**3 + d*x + 3*x**2 + x + 0*x**2. Determine w(-2).
-6
Let n = -8 + 7. Let h be n*(1 - 2) + -6. Let q(y) = y**2 + 6*y + 6. Calculate q(h).
1
Let u(t) be the second derivative of -7*t**4/6 + 8*t. Give u(1).
-14
Let r(k) = -3*k**2 - k + 1. Let a be -2*((-21)/(-6) + -2). Let m = 4 + a. Calculate r(m).
-3
Let q(f) = 2*f - 4*f - 6 + 2. Suppose -5*r - 2 = 13. Give q(r).
2
Let b(j) = -5*j - 7*j + 2*j**2 - j**2 + 9 + 6*j. Determine b(7).
16
Let k(h) = h**2 + 4*h - 7. Suppose -7*a = 55 - 13. Calculate k(a).
5
Let i(y) = -2*y**2 + 2*y - 1. Let l(w) = -w**2 + 16*w - 14. Let v(t) = -t**3 + 12*t**2 + 15*t - 11. Let c be v(13). Let z be l(c). Give i(z).
-1
Suppose -3*p + i + 12 = 0, 2 = -p - 2*i - 1. Let x(j) be the second derivative of 0 + j**2 - 1/6*j**p + 2*j. Give x(-3).
5
Let q be 4/(-10) - (40/25 - 6). Let p(h) = 2*h - 3. What is p(q)?
5
Let q(m) = 5*m - 1. Let k(i) = 4*i - 1. Let y(j) = 3*k(j) - 4*q(j). Let p(d) = d**2 + 2*d - 7. Let v be p(-4). What is y(v)?
-7
Suppose -4*o - 3*o - 35 = 0. Let v(c) = -c**3 - 6*c**2 - 4*c + 7. Determine v(o).
2
Let s(i) = -3*i**2 - i**3 - 1 - 4 + 4*i + 2. Let j be s(-4). Let f(d) = -3*d - 3. Calculate f(j).
6
Let h(i) = -i**2 + 3*i - 2. Let k(x) = 3*x**2 - 8*x + 5. Let q(c) = 8*h(c) + 3*k(c). Calculate q(0).
-1
Suppose -4*r + 2*q + 86 = 0, 4*r + 3*q = -r + 91. Suppose -5*s + r = -s. Let c(x) = x - 4. Give c(s).
1
Let k = 32 - 29. Let l(t) be the first derivative of 1/4*t**4 + 5*t - 1/2*t**2 - 5/3*t**k - 3. Determine l(5).
0
Let m(s) = -s - 5. Let p = -10 + 14. Let z be (1 + 3/1)*-1. Let x = z + p. Calculate m(x).
-5
Let r(i) = 2*i. Let c(v) = -v**2 - 7*v - 5. Let g be c(-5). Suppose g = -6*q + 7*q. What is r(q)?
10
Suppose 0 = 4*c + 12 - 0. Let n(j) = -j + 3. What is n(c)?
6
Let m(h) = -6*h + 2. Let y(j) = -7*j + 3. Let l(o) = 6*m(o) - 5*y(o). Calculate l(0).
-3
Suppose 16 = 5*n + 21. Let u(p) = 7*p**2 - 2*p - 1. Determine u(n).
8
Let n(u) be the first derivative of -4*u**3/3 - u + 3. Suppose -2*m - 3*m - 20 = 3*r, 5*r = 4*m - 21. Determine n(m).
-5
Let n(w) = w**2 - 2*w - 1. Suppose -5*g - 6 = -4*g. Let h = -3 - g. What is n(h)?
2
Let x be (-18)/24*16/2. Let o(t) = t**2 + 6*t. Determine o(x).
0
Let s(i) = -i + 5. Let p = -2 + 8. Calculate s(p).
-1
Let w(b) be the third derivative of b**7/840 + b**6/60 + b**5/20 + b**4/8 + b**3/2 - 7*b**2. Let j(p) be the first derivative of w(p). Calculate j(-5).
-2
Let y = 1 + -3. Let s(m) = 2*m + 8. Let n(z) = z + 5. Let t(o) = -8*n(o) + 5*s(o). Determine t(y).
-4
Let v(o) = -3*o + 1. Let d(k) = 3*k. Let j(s) = 4*d(s) + 5*v(s). What is j(6)?
-13
Let i(r) be the third derivative of r**4/24 - r**3/2 - 4*r**2 - 7*r. Give i(5).
2
Let j(x) = -7*x**2 - 6. Let h(b) = 15*b**2 + b + 13. Let r(k) = -6*h(k) - 13*j(k). Let s(u) = u**2 - 7*u + 4. Let p be s(7). Calculate r(p).
-8
Let n(z) be the first derivative of -z**3/3 + 3*z**2 + 2*z - 5. Give n(6).
2
Let w(l) be the second derivative of l**4/12 - 2*l**3/3 + 3*l**2 + 14*l. What is w(4)?
6
Let z(a) = -13*a**2 + a + 3. Let i(j) = 7*j**2 - j - 2. Let l(x) = -11*i(x) - 6*z(x). What is l(-5)?
4
Let v(n) = -n**2 - 7*n - 5. Let c = 4 + 3. Suppose 9*g = 4*g + r - 27, -c = g - r. Give v(g).
5
Let r(i) = -12*i + 6 + 13*i - 3. Give r(3).
6
Let x(d) = 23*d**3 + d + d**2 - 11*d**3 - 11*d**3 - 5. Let t be (-1)/3 + (-1)/(-3). Calculate x(t).
-5
Let k(a) = a + 10. Let b(d) = -d**3 - 13*d**2 + d + 18. Let m be b(-13). Let v(g) = -g - 9. Let t(l) = m*v(l) + 4*k(l). Let z be ((-2)/3)/(1/9). What is t(z)?
1
Let t be (-140)/50 + (-2 - (-18)/10). Let d(k) = 7*k**3 + 4*k**2 - 7*k + 11. Let g(v) = -4*v**3 - 2*v**2 + 4*v - 6. Let n(h) = -3*d(h) - 5*g(h). Give n(t).
3
Suppose 9 + 5 = 4*i + c, -5*c = -10. Let d(f) be the second derivative of 0 + 0*f**2 + 2*f + 1/6*f**3. Give d(i).
3
Let n(w) = 0*w**2 + 3*w - w + 3*w**2 + 1 - 2*w**2. Give n(-2).
1
Suppose -33 = 3*j - 3*x, 5*x + 14 = 4*j + 57. Let y = j - -8. Let f(i) = -i**2 - 4*i + 2. Determine f(y).
2
Let x(r) = -118*r + 2 - r**3 + 121*r + 4 - 2 + 2*r**2. What is x(4)?
-16
Let k(p) be the second derivative of -1/3*p**3 + 1/4*p**4 + p + 0 + 1/20*p**5 - 2*p**2. Suppose 12*x = 9*x - 9. Determine k(x).
2
Suppose q = -q + 12. Let y be (-2)/(-3*(-4)/q). Let a(z) = -7*z**2 - 2*z - 1. What is a(y)?
-6
Let g(b) = -6*b + 2. Let n(i) = -9*i + 3. Let s(m) = 7*g(m) - 5*n(m). Determine s(-2).
-7
Let a(t) = t - 10. Let o be a(7). Let b(g) = -g - 4. Calculate b(o).
-1
Let a(z) be the third derivative of z**5/60 - z**4/8 - z**3/3 + 17*z**2. Calculate a(5).
8
Let t be (-14)/(-4) + 1/2. Suppose -3*s + 10 = g, t*s = -g - 3*g. Let r(j) = 33*j - 6*j**2 - 30*j + j**2 - j**3 + 6. Give r(g).
-9
Let k(p) = p**2 - 12*p + 8. Let v(h) = h**2 - 5*h + 5. Let f be v(6). What is k(f)?
-3
Let p = 13 - 9. Let z(i) be the second derivative of i**5/20 - i**4/3 - i**3/6 + 20*i. Give z(p).
-4
Let c(v) = 2*v**2 + v + 7. Let x(y) = 3*y**2 + 2*y + 11. Let n(d) = 8*c(d) - 5*x(d). Let g = -121 - -125. What is n(g)?
9
Let a(i) = -i**3 + 4*i - 3. Let v = -28 + 30. What is a(v)?
-3
Let b(f) = -f - 1. Let x = 1 + 0. Let d(w) = -2*w - 10. Let g(t) = x*d(t) - 3*b(t). Let p(l) = -l**3 - 5*l**2 - 3*l + 4. Let y be p(-4). Calculate g(y).
-7
Let s = 2 + 0. Let n(g) = -g**s + 2*g**2 + 5*g - 3*g + 1. Determine n(-3).
4
Let z(j) be the first derivative of j**4/24 - j**3/2 - 2*j**2 - 2. Let h(s) be the second derivative of z(s). Determine h(4).
1
Let s(m) = 4*m**3 + 11*m**2 + 5*m - 4. Let v(k) = 7*k**3 + 21*k**2 + 10*k - 9. Let y(j) = -5*s(j) + 3*v(j). What is y(-7)?
7
Suppose -2*p - 4 = -3*p, -2*t = -4*p + 8. Let a(z) = -z + 0*z - 1 + t*z**2 - 3 - z**3. Calculate a(3).
2
Let i(j) = j**3 + 4*j**2 + j - 2. Let x be i(-3). Suppose -k + 1 = x. Let f(u) = -u**2 + u + 2. What is f(k)?
-10
Let n(z) = 14*z**2 + z. Let t = 6 + -7. Let h be n(t). Suppose 0 = 4*b - 7 - h. Let c(r) = r - 3. Calculate c(b).
2
Let v(y) be the third derivative of y**6/720 - 7*y**5/120 - y**4/24 - 3*y**2. Let k(g) be the second derivative of v(g). Give k(5).
-2
Let f(b) be the first derivative of b**4/4 + 5*b**3/3 + 3*b**2 + 6*b - 48. Calculate f(-4).
-2
Let m(d) = d**3 + 4*d**2 + 4. Suppose 22 = u - 3*u. Let c = 7 + u. Give m(c).
4
Suppose -2*s + 18 = 4*d, 3*s - 4*s = 3*d - 14. Let y(m) = -6*m - 1. Give y(s).
5
Let v = -7 + 10. Let g(n) = -n + v + 0*n + 3*n - 7. What is g(4)?
4
Let x(a) = 2*a - 3. Let o = -166 - -169. Give x(o).
3
Let g(o) = -o**3 - 9*o**2 - 7*o + 10. Let s be g(-8). Let u(p) = -2*p**s + 4*p**3 - 7*p**3 - 1 - 1 + 2*p + 1. Let i be 3/2*(-6)/(-9). Calculate u(i).
-4
Let k be (-216)/(-40) - 2/5. 